{"id":14,"date":"2012-12-15T04:37:06","date_gmt":"2012-12-15T04:37:06","guid":{"rendered":"http:\/\/die-formularexperten.de\/?page_id=14"},"modified":"2018-11-28T14:05:12","modified_gmt":"2018-11-28T14:05:12","slug":"produkte","status":"publish","type":"page","link":"https:\/\/www.formulardruck-schmid.de\/?page_id=14","title":{"rendered":"Produkte"},"content":{"rendered":"<div id=\"images\">\n<p>&nbsp;<\/p>\n<div class=\"content\" style=\"padding-top: 7px; padding-bottom: 235px;\">\n<div class=\"head\">Unsere Produkte in OEM Qualit\u00e4t:<\/div>\n<div class=\"productbtn\">\n<div class=\"productbtnbg\"><strong><a style=\"padding: 21px;\" href=\"?page_id=47\">Endlosformulare<\/a><\/strong><\/div>\n<div class=\"productbtnbg\"><strong><a style=\"padding: 19px;\" href=\"?page_id=50\">Schnelltrenns\u00e4tze<\/a><\/strong><\/div>\n<div class=\"productbtnbg\"><strong><a style=\"padding: 21px;\" href=\"?page_id=54\">Tr\u00e4gerbands\u00e4tze<\/a><\/strong><\/div>\n<\/div>\n<div class=\"desc\" style=\"padding-left: 13px; padding-top: 10px;\">Vergleichen Sie unsere Preise mit online Angeboten, die \u00c4hnlichkeit wird Sie \u00fcberraschen!<br \/>\nUnser Angebot f\u00fcr Druckereien und Werbeagenturen: Wir liefern f\u00fcr Sie neutral mit Kundenschutz, schnell und Zuverl\u00e4ssig. Automatisierte Mails informieren Sie aktuell \u00fcber den Fortschritt Ihrer Produktion.<\/div>\n<div class=\"desc\" style=\"padding-left: 13px; padding-top: 10px;\"><a href=\"https:\/\/endlospapier.de\/wp-content\/uploads\/2018\/11\/Preisvgl-online2-red-Kopie.gif\"><img loading=\"lazy\" decoding=\"async\" class=\"alignleft wp-image-226 size-full\" src=\"https:\/\/endlospapier.de\/wp-content\/uploads\/2018\/11\/Preisvgl-online2-red-Kopie.gif\" alt=\"\" width=\"544\" height=\"599\" \/><\/a><\/div>\n<div class=\"desc\" style=\"padding-left: 13px; padding-top: 10px;\">Sie m\u00f6chten Ihren Preis anfragen? Rufen Sie uns einfach an, wir gehen alle Details mit Ihnen durch und schicken Ihnen Ihr Angebot umgehend per Email. Tel: 0841-33408 Sie sprechen direkt mit Herrn Matthias Schmid.<\/div>\n<\/div>\n<\/div>\n","protected":false},"excerpt":{"rendered":"<p>&nbsp; Unsere Produkte in OEM Qualit\u00e4t: Endlosformulare Schnelltrenns\u00e4tze Tr\u00e4gerbands\u00e4tze Vergleichen Sie unsere Preise mit online Angeboten, die \u00c4hnlichkeit wird Sie \u00fcberraschen! Unser Angebot f\u00fcr Druckereien und Werbeagenturen: Wir liefern f\u00fcr Sie neutral mit Kundenschutz, schnell und Zuverl\u00e4ssig. Automatisierte Mails informieren &hellip; <a href=\"https:\/\/www.formulardruck-schmid.de\/?page_id=14\">Weiterlesen <span class=\"meta-nav\">&rarr;<\/span><\/a><\/p>\n","protected":false},"author":2,"featured_media":0,"parent":0,"menu_order":0,"comment_status":"open","ping_status":"open","template":"","meta":{"footnotes":""},"class_list":["post-14","page","type-page","status-publish","hentry"],"_links":{"self":[{"href":"https:\/\/www.formulardruck-schmid.de\/index.php?rest_route=\/wp\/v2\/pages\/14","targetHints":{"allow":["GET"]}}],"collection":[{"href":"https:\/\/www.formulardruck-schmid.de\/index.php?rest_route=\/wp\/v2\/pages"}],"about":[{"href":"https:\/\/www.formulardruck-schmid.de\/index.php?rest_route=\/wp\/v2\/types\/page"}],"author":[{"embeddable":true,"href":"https:\/\/www.formulardruck-schmid.de\/index.php?rest_route=\/wp\/v2\/users\/2"}],"replies":[{"embeddable":true,"href":"https:\/\/www.formulardruck-schmid.de\/index.php?rest_route=%2Fwp%2Fv2%2Fcomments&post=14"}],"version-history":[{"count":34,"href":"https:\/\/www.formulardruck-schmid.de\/index.php?rest_route=\/wp\/v2\/pages\/14\/revisions"}],"predecessor-version":[{"id":246,"href":"https:\/\/www.formulardruck-schmid.de\/index.php?rest_route=\/wp\/v2\/pages\/14\/revisions\/246"}],"wp:attachment":[{"href":"https:\/\/www.formulardruck-schmid.de\/index.php?rest_route=%2Fwp%2Fv2%2Fmedia&parent=14"}],"curies":[{"name":"wp","href":"https:\/\/api.w.org\/{rel}","templated":true}]}}