{"id":69,"date":"2012-12-15T05:20:48","date_gmt":"2012-12-15T05:20:48","guid":{"rendered":"http:\/\/die-formularexperten.de\/?page_id=69"},"modified":"2012-12-15T05:36:47","modified_gmt":"2012-12-15T05:36:47","slug":"papier","status":"publish","type":"page","link":"https:\/\/www.formulardruck-schmid.de\/?page_id=69","title":{"rendered":"Papier"},"content":{"rendered":"<div id=\"images\">\n<div class=\"content\" style=\"padding-top:7px;padding-bottom:70px\">\n  <span class=\"faqhead\">Papier<\/span><\/p>\n<p class=\"faqdesc\">Die hohen Qualit\u00e4tsanforderungen im Hause Formulardruck Schmid beziehen sich auch auf das Papier mit dem die Endlosformulare produziert werden. Nur ein Papier das m\u00f6glichst perfekt ist, bildet die Grundlage f\u00fcr ein perfektes Produkt. Herr Schmid hat f\u00fcr seine Firma einen Partner gefunden der Ihm diese Qualit\u00e4t liefern kann. Die Koehler Papier AG hat mit REACTO bisher das beste Papier f\u00fcr die \u201eRolle &#8211; Rolle\u201c Produktion von Formulardruck Schmid geliefert. <br \/>Um weiter als Hauptlieferant aktiv bleiben zu k\u00f6nnen, arbeitet die Entwicklungsabteilung von REACTO eng mit der Firma zusammen um so die gemeinsamen Vorstellungen des SD-Papiers der Zukunft zu realisieren. <br \/>Auch die Qualit\u00e4t der anderen Hersteller wird von Herrn Schmid \u00fcberwacht um immer das beste Papier im Haus zu haben.  <\/p>\n<div style=\"float:left\"><a href=\"?page_id=67\">&#8230;zur\u00fcck<\/a><\/div>\n<div style=\"float:right\"><a href=\"?page_id=71\">Weiter..<\/a><\/div>\n<\/p>\n<div class=\"buttons\">\n<div class=\"buttonsbg\"><a href=\"?page_id=65\">Technik<\/a><\/div>\n<div class=\"buttonsbg\"><a href=\"?page_id=67\">Menschen<\/a><\/div>\n<div class=\"buttonsbg\"><a href=\"?page_id=69\">Papier<\/a><\/div>\n<div class=\"buttonsbg\"><a href=\"?page_id=71\">Qualit\u00e4t<\/a><\/div>\n<div class=\"buttonsbg\"><a href=\"?page_id=73\">fokus<\/a><\/div>\n<\/div>\n<p><!--BUTTONS-->\n<\/div>\n<p><!--content-->\n<\/div>\n<p><!--images--><\/p>\n","protected":false},"excerpt":{"rendered":"<p>Papier Die hohen Qualit\u00e4tsanforderungen im Hause Formulardruck Schmid beziehen sich auch auf das Papier mit dem die Endlosformulare produziert werden. Nur ein Papier das m\u00f6glichst perfekt ist, bildet die Grundlage f\u00fcr ein perfektes Produkt. Herr Schmid hat f\u00fcr seine Firma &hellip; <a href=\"https:\/\/www.formulardruck-schmid.de\/?page_id=69\">Weiterlesen <span class=\"meta-nav\">&rarr;<\/span><\/a><\/p>\n","protected":false},"author":2,"featured_media":0,"parent":0,"menu_order":0,"comment_status":"open","ping_status":"open","template":"","meta":{"footnotes":""},"class_list":["post-69","page","type-page","status-publish","hentry"],"_links":{"self":[{"href":"https:\/\/www.formulardruck-schmid.de\/index.php?rest_route=\/wp\/v2\/pages\/69","targetHints":{"allow":["GET"]}}],"collection":[{"href":"https:\/\/www.formulardruck-schmid.de\/index.php?rest_route=\/wp\/v2\/pages"}],"about":[{"href":"https:\/\/www.formulardruck-schmid.de\/index.php?rest_route=\/wp\/v2\/types\/page"}],"author":[{"embeddable":true,"href":"https:\/\/www.formulardruck-schmid.de\/index.php?rest_route=\/wp\/v2\/users\/2"}],"replies":[{"embeddable":true,"href":"https:\/\/www.formulardruck-schmid.de\/index.php?rest_route=%2Fwp%2Fv2%2Fcomments&post=69"}],"version-history":[{"count":3,"href":"https:\/\/www.formulardruck-schmid.de\/index.php?rest_route=\/wp\/v2\/pages\/69\/revisions"}],"predecessor-version":[{"id":87,"href":"https:\/\/www.formulardruck-schmid.de\/index.php?rest_route=\/wp\/v2\/pages\/69\/revisions\/87"}],"wp:attachment":[{"href":"https:\/\/www.formulardruck-schmid.de\/index.php?rest_route=%2Fwp%2Fv2%2Fmedia&parent=69"}],"curies":[{"name":"wp","href":"https:\/\/api.w.org\/{rel}","templated":true}]}}